?
150
What is the greatest common divisor of 46068 and 66?
66
What is the greatest common factor of 432144 and 36?
36
Calculate the greatest common divisor of 1676 and 42319.
419
What is the highest common factor of 25807 and 655?
131
Calculate the highest common factor of 246 and 1180267.
41
What is the greatest common divisor of 207358 and 17714?
1042
What is the greatest common divisor of 114423 and 3548?
887
Calculate the greatest common divisor of 112 and 35224.
56
What is the highest common divisor of 245 and 27265?
35
Calculate the highest common divisor of 36 and 765.
9
Calculate the highest common divisor of 39610 and 340.
170
What is the greatest common divisor of 187 and 196592?
11
What is the greatest common factor of 95226 and 1003?
59
What is the highest common factor of 7392 and 18464?
32
What is the highest common divisor of 4930 and 203?
29
What is the greatest common divisor of 30 and 15110?
10
Calculate the highest common factor of 60532 and 1591.
37
What is the greatest common factor of 561 and 55187?
11
What is the greatest common divisor of 406818 and 9021?
291
What is the highest common divisor of 1111 and 2323?
101
Calculate the highest common factor of 28034 and 12198.
214
Calculate the highest common divisor of 10 and 19185.
5
What is the greatest common divisor of 34 and 330922?
34
Calculate the greatest common factor of 1341560 and 330.
110
What is the greatest common factor of 16172 and 30472?
52
What is the highest common divisor of 8226 and 1062?
18
What is the greatest common factor of 55386 and 72?
18
What is the highest common divisor of 40100 and 400?
100
What is the highest common divisor of 45 and 43165?
5
What is the highest common divisor of 101 and 337643?
101
Calculate the highest common divisor of 14384 and 3932226.
1798
Calculate the highest common factor of 304 and 33478.
38
Calculate the highest common factor of 110 and 7568.
22
What is the highest common factor of 7999 and 798?
19
What is the highest common factor of 105 and 85029?
21
Calculate the highest common divisor of 3744 and 1118.
26
What is the highest common factor of 1588 and 776929?
397
Calculate the greatest common factor of 9720 and 495.
45
What is the greatest common factor of 581 and 440315?
83
Calculate the greatest common divisor of 10 and 460600.
10
Calculate the highest common divisor of 15540 and 4116.
84
Calculate the greatest common divisor of 90 and 2089270.
10
Calculate the highest common factor of 17496 and 26568.
648
Calculate the greatest common divisor of 27892 and 1216.
76
What is the highest common divisor of 54793 and 21289?
349
What is the highest common factor of 86 and 9937042?
86
Calculate the greatest common divisor of 319816 and 72.
8
Calculate the greatest common divisor of 2622 and 37122.
138
Calculate the highest common divisor of 4026 and 2806.
122
What is the highest common factor of 80 and 1144760?
40
Calculate the greatest common divisor of 290 and 11078.
58
What is the highest common factor of 56 and 1846754?
14
Calculate the highest common divisor of 58781 and 86.
43
Calculate the highest common divisor of 4301 and 102833.
391
Calculate the highest common divisor of 7022928 and 1056.
528
Calculate the highest common divisor of 48 and 2378256.
48
What is the greatest common divisor of 5253 and 23999?
103
Calculate the greatest common factor of 782 and 8786.
46
Calculate the greatest common divisor of 144168 and 66.
6
Calculate the greatest common divisor of 1122 and 2790.
6
Calculate the greatest common factor of 574 and 16318.
82
Calculate the greatest common divisor of 20660 and 3130.
10
Calculate the highest common factor of 364 and 90363.
91
Calculate the greatest common factor of 1247 and 928.
29
What is the greatest common divisor of 173 and 2128073?
173
Calculate the highest common factor of 8174 and 1098.
122
What is the greatest common divisor of 48 and 142112?
16
Calculate the greatest common factor of 16170 and 9570.
330
Calculate the greatest common factor of 4403 and 13468.
259
What is the highest common factor of 190 and 6593380?
190
What is the highest common divisor of 2025 and 1440?
45
Calculate the highest common divisor of 1272 and 24963.
159
What is the highest common divisor of 5754 and 1785?
21
What is the highest common divisor of 1674155 and 1085?
1085
What is the highest common divisor of 2526 and 54730?
842
What is the greatest common factor of 8144 and 189857?
509
What is the greatest common divisor of 19680 and 600?
120
What is the greatest common factor of 107575 and 9425?
325
Calculate the highest common factor of 16317 and 55278.
333
Calculate the greatest common factor of 27348 and 7844.
212
What is the highest common divisor of 7251 and 81?
3
Calculate the highest common divisor of 17493 and 42.
21
What is the highest common factor of 9625 and 693?
77
Calculate the highest common divisor of 335916 and 124.
124
What is the highest common factor of 649 and 6633?
11
Calculate the highest common divisor of 170261 and 26.
13
What is the greatest common factor of 668099 and 2154?
359
What is the highest common divisor of 3128 and 20264?
136
What is the highest common factor of 36 and 23211?
9
What is the greatest common factor of 1162 and 448?
14
Calculate the greatest common divisor of 68232 and 72.
24
Calculate the highest common divisor of 11020 and 200.
20
What is the highest common divisor of 1304 and 488?
8
What is the greatest common factor of 48343 and 58?
29
What is the greatest common factor of 415913 and 332?
83
Calculate the highest common divisor of 80000 and 1920.
640
What is the highest common divisor of 187620 and 1416?
708
Calculate the highest common factor of 14 and 331366.
14
Calculate the greatest common factor of 200 and 83900.
100
What is the highest common factor of 107 and 3?
1
What is the greatest common divisor of 13 and 2177773?
13
Calculate the highest common divisor of 1674448 and 16.
16
Calculate the greatest common divisor of 39495 and 1185.
15
What is the highest common divisor of 1953 and 3717?
63
What is the highest common divisor of 528 and 27312?
48
Calculate the highest common factor of 631081 and 56650.
1133
What is the highest common factor of 22036 and 3?
1
What is the highest common divisor of 917 and 434?
7
Calculate the highest common factor of 24250 and 3250.
250
Calculate the greatest common divisor of 17043 and 429.
39
Calculate the greatest common factor of 96040 and 27832.
392
What is the greatest common factor of 320506 and 46?
2
What is the greatest common divisor of 128 and 10592?
32
What is the greatest common divisor of 1941632 and 8448?
1408
Calculate the highest common divisor of 421358 and 14.
14
What is the greatest common divisor of 2893896 and 72?
72
Calculate the greatest common factor of 240 and 191470.
10
Calculate the highest common factor of 45372 and 13333.
199
What is the highest common divisor of 492894 and 1576?
394
Calculate the highest common factor of 5973 and 333402.
543
What is the greatest common divisor of 135 and 994320?
45
What is the greatest common divisor of 119515 and 1025?
205
Calculate the greatest common divisor of 19 and 8656.
1
Calculate the greatest common divisor of 11558 and 8.
2
Calculate the greatest common factor of 54 and 1732914.
54
Calculate the highest common factor of 2242 and 8056.
38
What is the highest common divisor of 57 and 437?
19
Calculate the greatest common divisor of 8795070 and 2474.
2474
Calculate the highest common factor of 1352 and 6474.
26
Calculate the greatest common divisor of 2947 and 413.
7
Calculate the highest common factor of 2214 and 11480.
82
Calculate the highest common divisor of 367792 and 254.
254
What is the greatest common divisor of 173 and 23701?
173
Calculate the highest common factor of 996 and 970353.
249
Calculate the greatest common factor of 388872 and 9.
9
Calculate the greatest common divisor of 73 and 55918.
73
What is the highest common factor of 242559 and 9?
9
Calculate the greatest common divisor of 18663 and 87.
3
What is the greatest common divisor of 426 and 1434555?
213
Calculate the highest common divisor of 77 and 462836.
11
Calculate the greatest common divisor of 22056 and 21137.
919
Calculate the greatest common divisor